f a?
1
Let z be (-2)/(-8)*6086 + (-24)/16. Suppose -r - 4*r = -z. What is the hundreds digit of r?
3
Suppose 4*j - z = 2*j + 16, 4*j + 4*z - 44 = 0. Let y = 65 - 2. What is the units digit of 38/j - 14/y?
4
Let r be -2 - -1 - (8 + -4 - 626). Let c be ((-4)/6)/((-6)/r). Suppose -37*y = -36*y - c. What is the units digit of y?
9
Suppose 118*j - 119*j + 994 = 0. What is the hundreds digit of j?
9
Let v(o) = o**3 + 36*o**2 + 30*o + 129. What is the tens digit of v(-27)?
8
Let c(l) = 4*l - 19. Let b be c(6). Suppose 0 = o - b*s + 26, 0 = 3*o - 5*s + 15 + 13. What is the units digit of (360 + o + -3)/2?
8
Suppose -1034*d = -992*d - 1096326. What is the ten thousands digit of d?
2
What is the hundreds digit of (-13 + (-1230)/6)*(-4 - -1)?
6
Suppose 0*p + 14*p - 19474 = 0. What is the tens digit of p?
9
What is the ten thousands digit of (-9)/(-792)*11 + (-190503)/(-8)?
2
Let f be (-57)/(-2)*(-20)/15. Let y = -35 - f. Suppose -3*z = -y*q + 195, q = 3*q - 4*z - 134. What is the tens digit of q?
6
Suppose -521 = -2*p + 267. Suppose 2*b - 410 = p. What is the hundreds digit of b?
4
Suppose -15*f + 49520 = -126955. Suppose 633 = -11*l + f. What is the hundreds digit of l?
0
Let b(m) = 771*m**2 + 26*m - 188. What is the ten thousands digit of b(6)?
2
Suppose 48*h - 40607 = 10705. Let m = h + 332. What is the hundreds digit of m?
4
Let y be (9 - 8) + 1*-1. Suppose 2*o + 2*o = 2*v - 270, y = 5*o - 2*v + 335. Let h = o + 121. What is the units digit of h?
6
What is the tens digit of -37*4*(8/(-16))/((-4)/(-716))?
4
Let q(z) = 6*z + 4. Let l be q(0). Suppose 0 = -o - 3*c + 127, o - l*c - 48 = 65. Let w = o - 98. What is the tens digit of w?
2
Suppose -4*r + 34294 = -2*s, -r + 428 + 8128 = 3*s. What is the thousands digit of r?
8
Let p(m) = 2*m**2 + 33*m - 96. Suppose 0 = -r + 4*h + 17, 2 - 19 = -3*r - 5*h. What is the units digit of p(r)?
3
Let u = 58 - 219. Let p = 409 + u. What is the units digit of p?
8
Let j(a) = -10*a**3 + 12*a**2 - 15*a. Let o be j(4). Let d = 980 + o. What is the hundreds digit of d?
4
Let h(f) = 1444*f + 7909. What is the thousands digit of h(16)?
1
Let u = 8 - 6. Let o(x) = -8*x + x - u*x**2 + 4*x**2 + x. What is the units digit of o(7)?
6
What is the tens digit of (-4)/1 + ((-1)/(8/(-147480)))/1?
3
Suppose -2457 = -2*j - z, -2*j - 4*z = 32 - 2474. Suppose 3*g + 5*l - j + 234 = 0, -5*l - 20 = 0. What is the tens digit of g?
3
Let l(r) = -r**3 - 2*r**2 + r + 23. Let n be l(0). Let q = n - 1. Suppose -20*s = -q*s + 26. What is the units digit of s?
3
Suppose -57*b + 1435559 = -1878680 + 860275. What is the hundreds digit of b?
0
Let i(z) = 376*z**3 + z**2 - 2*z. Let v(f) = f**3 - 8*f**2 + 6*f + 8. Let b be v(7). What is the hundreds digit of i(b)?
3
Let z = -87 - -91. Suppose -4*g = z - 104. Suppose c - g + 104 = s, 0 = s + c - 89. What is the units digit of s?
4
Let l = 452 - 187. Let i = 573 - l. What is the tens digit of i?
0
Let z = -757 - -1290. Suppose -m + z = -16. What is the tens digit of m?
4
Suppose 9*u + 722 + 1195 = 0. Let t = -75 - u. What is the hundreds digit of t?
1
Suppose -64 = 33*d - 29*d. Let k(l) = l**3 + 15*l**2 - 35*l - 17. What is the tens digit of k(d)?
8
Let u(t) = 40*t**2 - 15*t + 1. Let a be u(-1). What is the units digit of (-28)/a*(-733 + 1)?
6
Suppose -2*x = l - 4190, x + 4799 = 4*l - 11997. What is the hundreds digit of l?
1
Let c(u) = -17*u + 4. Suppose -2*t - 2*t - 55 = -3*z, -t = 2*z + 22. Let v = t + 14. What is the units digit of c(v)?
8
Let h(f) = 840*f - 180. Let j(m) = 140*m - 30. Let t(l) = 6*h(l) - 35*j(l). What is the hundreds digit of t(4)?
5
Suppose 12*n - 14 = 14*n. Let u(a) = -27*a + 12. What is the hundreds digit of u(n)?
2
Suppose 0 = -3*y + 2*y. Let q be (-12204)/(-1215) + (-2)/45. Suppose y = -9*b + q*b - 22. What is the tens digit of b?
2
Let x be (12 + -6)*1/3. Suppose 4*l + 132 = x*g, -3*g - l + 63 = -163. What is the units digit of g?
4
Let p = 8 - 15. Suppose -z + 21 = 87. What is the units digit of z/4*(p + 5)?
3
Let w(d) = 198*d**2 - 26*d - 168. What is the hundreds digit of w(-6)?
1
Suppose 0 = 35*q + 2 - 37. What is the tens digit of (q + -2 + 1350/(-20))*-10?
8
Let r(j) = j**2 - 25*j + 51. Let w be r(2). What is the units digit of 3/(-7) - w*12140/(-350)?
3
Suppose 4776 - 163621 = -44*j - 19541. What is the tens digit of j?
6
Suppose -3*x = 5*t - 27, -18*t + x - 13 = -21*t. Suppose 3*f - t*h = 510, f - 3 = 3*h + 171. What is the units digit of f?
8
Suppose -3*u + 30*l + 22586 = 28*l, 0 = -2*u - 4*l + 15036. What is the hundreds digit of u?
5
Let f = 6159 - -2443. What is the hundreds digit of f?
6
Let m be (-2)/(-6) + (-8)/(-3). Let s be ((-66)/(-77))/((-3)/42). What is the units digit of m - (-77 - 1*s/(-4))?
3
Let g(i) = 19*i - 57*i + 21*i + 44. What is the units digit of g(-10)?
4
Let r(k) = 2*k**2 + 21*k + 71. Let o be r(-14). Suppose 3*j = -0*d - 5*d + o, 5*j + d - 311 = 0. What is the tens digit of j?
6
Suppose -5*j + 27553 = -3*j - 3*y, j - 13754 = -3*y. What is the thousands digit of j?
3
Suppose 3*i - 209 = 82. Let o = i - -1. What is the tens digit of o?
9
Let n be -1 + 5 - (5 + -1). Suppose -3*i + 6*i - l - 29 = 0, i + l - 11 = n. What is the tens digit of (-1 - (-766)/i) + (-12)/(-30)?
7
Let z(v) = 86*v + 148. Let g be z(17). What is the units digit of g*2/26 - 126/(-819)?
4
Suppose -3189837 - 7593823 = -495*s - 410440. What is the thousands digit of s?
0
Let x(t) = t**3 + 19*t**2 + 11*t - 13. Let v be x(-18). Let a be ((-1)/2)/((-2)/32). Let b = v - a. What is the hundreds digit of b?
1
Suppose -5*m - 4*n + 31 = -109, 2*m - 53 = -n. Suppose 5*h - m = 4*z, -4*z - 5*h = 6 - 22. What is the tens digit of (z + 2)*309/3?
0
Let s(q) = 32*q**3 + 55*q - 181. What is the thousands digit of s(8)?
6
Let p = -28198 + 44433. What is the units digit of p?
5
Suppose 163 = -9*y - 485. Let n = -60 - y. What is the tens digit of n?
1
Suppose 5*w + 5*w = 3*w + 225589. What is the hundreds digit of w?
2
Suppose 38*l + 15 = 33*l. Let m(g) = g**3 + 3*g**2 + g + 7. Let p be m(l). Suppose -x - p*a + 47 = 0, 4*a + 89 = 2*x - 65. What is the units digit of x?
7
Suppose -9*q - v = -4*q - 136301, 4*q - 109120 = 8*v. What is the units digit of q?
2
Suppose -42 = -8*r - 10. Suppose b + r = 0, p + 3*b = -47 - 19. Let q = p - -132. What is the tens digit of q?
7
Suppose 26*x + 79*x - 1060113 = 8*x. What is the thousands digit of x?
0
Let o be 3*(-4 + (-245)/(-15)). Let h(b) = b**2 + 6*b - 7. Let t be h(-10). Let u = o - t. What is the units digit of u?
4
Let q(a) = 164*a - 7. Let r be q(5). Suppose -5*u + 2365 = 4*k, 5*k - 5*u - 2177 = r. What is the hundreds digit of k?
5
Suppose 55204 = 3*n + 5*q, q + 2*q = -3*n + 55212. What is the tens digit of n?
0
Let x be 12/32*10*-28. Let f be (-10 - x) + (-4)/(-1)*1. What is the hundreds digit of 5 + f + -4 - 3*-1?
1
Suppose 15*z + 68922 = 440097. What is the tens digit of z?
4
Let o(c) = -9*c + 3*c + 3*c + 4*c + 9*c**2 - 9. Let y be o(4). Let m = y - 75. What is the units digit of m?
4
Suppose 66150 = -25*y - 20*y. Let o = 2586 + y. What is the tens digit of o?
1
Let f(p) = 12826*p**3 + 233*p**2 - 233*p. What is the hundreds digit of f(1)?
8
Suppose -4*p = 4*o - 704, 4*p - 4*o + 176 = 5*p. Suppose -22287 = -p*u + 159*u. What is the units digit of u?
1
Let c(r) be the third derivative of r**5/10 - r**4/12 + 7*r**3/3 + 56*r**2 + 2*r. Suppose 5*s - 4 = -5*j - 39, 4*s + 13 = -j. What is the units digit of c(j)?
4
Let p = -125 + 259. Let x = p + -68. Suppose x = 3*b - 135. What is the units digit of b?
7
Let a = -89 + 89. Suppose v - 5*w + 20 = a, 2*v + w + 2*w - 12 = 0. Suppose -6*h + 10*h - 732 = v. What is the tens digit of h?
8
Let p be 63/(-12)*18/(-63)*314. Let t = 1204 - p. What is the units digit of t?
3
Suppose 15*s = 19*s - 4144. Let x = -475 + s. What is the hundreds digit of x?
5
Suppose -5*f + 10 = 0, -2*u - 72 = 3*u - f. Suppose -n - 37 = -2*n + 4*s, 5*n + 5*s = 235. Let z = n + u. What is the tens digit of z?
3
Suppose -z + x + 647 - 636 = 0, 0 = -2*z - x + 13. Let p(k) = -31*k - 3. Let t be p(-2). Let g = t - z. What is the units digit of g?
1
Let p = 54 + -50. Let w be (2 + (-12)/15)/(p/170). Let r = w + -29. What is the units digit of r?
2
Let r = -86 - -96. Let i be 1/(-2)*(-100)/r. Suppose 2*p - i*z + 124 = 361, -4*z = 5*p - 510. W